{"id":253,"date":"2022-09-21T10:27:36","date_gmt":"2022-09-21T15:27:36","guid":{"rendered":"https:\/\/phoniquemedia.com\/a-propos\/"},"modified":"2022-10-20T06:46:47","modified_gmt":"2022-10-20T11:46:47","slug":"a-propos","status":"publish","type":"page","link":"https:\/\/phoniquemedia.com\/fr\/a-propos\/","title":{"rendered":"\u00c0 propos"},"content":{"rendered":"<p>[et_pb_section fb_built=\u00a0\u00bb1&Prime; _builder_version=\u00a0\u00bb4.18.0&Prime; _module_preset=\u00a0\u00bbdefault\u00a0\u00bb global_colors_info=\u00a0\u00bb{}\u00a0\u00bb][et_pb_row _builder_version=\u00a0\u00bb4.18.0&Prime; _module_preset=\u00a0\u00bbdefault\u00a0\u00bb global_colors_info=\u00a0\u00bb{}\u00a0\u00bb][et_pb_column type=\u00a0\u00bb4_4&Prime; _builder_version=\u00a0\u00bb4.18.0&Prime; _module_preset=\u00a0\u00bbdefault\u00a0\u00bb global_colors_info=\u00a0\u00bb{}\u00a0\u00bb][et_pb_text _builder_version=\u00a0\u00bb4.18.0&Prime; _module_preset=\u00a0\u00bbdefault\u00a0\u00bb header_2_font_size=\u00a0\u00bb35px\u00a0\u00bb hover_enabled=\u00a0\u00bb0&Prime; global_colors_info=\u00a0\u00bb{}\u00a0\u00bb header_2_font_size_last_edited=\u00a0\u00bbon|phone\u00a0\u00bb header_2_font_size_phone=\u00a0\u00bb30px\u00a0\u00bb sticky_enabled=\u00a0\u00bb0&Prime; header_2_font_size_tablet=\u00a0\u00bb35px\u00a0\u00bb]<\/p>\n<h2>\u00c0 propos de Phonique Media<\/h2>\n<p>Quelque chose se passe lorsque quelqu\u2019un parle avec passion et authenticit\u00e9. Les gens qui \u00e9coutent ont envie de poursuivre leur propre qu\u00eate d\u2019authenticit\u00e9. Phonique M\u00e9dia incarne une vision d\u2019authenticit\u00e9 pour former une communaut\u00e9 de personnes qui trouvent de mieux en mieux leurs propres voix, tout en \u00e9tant davantage \u00e0 l\u2019\u00e9coute de diverses perspectives.<\/p>\n<p>Pour notre \u00e9quipe, il est clair que le monde se trouve \u00e0 un tournant de l\u2019histoire. Des enjeux cruciaux, comme la r\u00e9conciliation, l\u2019inclusivit\u00e9, les changements climatiques, l\u2019\u00e9quit\u00e9 \u00e9conomique, la justice sociale et d\u2019autres sujets de pr\u00e9occupation exigent non seulement notre attention, ils d\u00e9montrent un r\u00e9el potentiel de progr\u00e8s significatifs. En stimulant des conversations qui comptent par une utilisation hors pair de la parole, nous mobilisons les organismes, les entreprises et les gens autour d\u2019enjeux qui les passionnent.<\/p>\n<p>[\/et_pb_text][\/et_pb_column][\/et_pb_row][et_pb_row column_structure=\u00a0\u00bb2_3,1_3&Prime; make_equal=\u00a0\u00bbon\u00a0\u00bb _builder_version=\u00a0\u00bb4.18.0&Prime; _module_preset=\u00a0\u00bbdefault\u00a0\u00bb global_colors_info=\u00a0\u00bb{}\u00a0\u00bb][et_pb_column type=\u00a0\u00bb2_3&Prime; _builder_version=\u00a0\u00bb4.18.0&Prime; _module_preset=\u00a0\u00bbdefault\u00a0\u00bb global_colors_info=\u00a0\u00bb{}\u00a0\u00bb][et_pb_text _builder_version=\u00a0\u00bb4.18.0&Prime; _module_preset=\u00a0\u00bbdefault\u00a0\u00bb header_2_font_size=\u00a0\u00bb35px\u00a0\u00bb hover_enabled=\u00a0\u00bb0&Prime; global_colors_info=\u00a0\u00bb{}\u00a0\u00bb header_2_font_size_last_edited=\u00a0\u00bbon|phone\u00a0\u00bb header_2_font_size_phone=\u00a0\u00bb30px\u00a0\u00bb sticky_enabled=\u00a0\u00bb0&Prime; header_2_font_size_tablet=\u00a0\u00bb35px\u00a0\u00bb]<\/p>\n<section class=\"motov4_fancy_heading text-left border_bottom motov4_632b63a36051d\">\n<h2>\u00c0 propos de Monique Lacoste<\/h2>\n<p>S\u2019appuyant sur deux d\u00e9cennies d\u2019exp\u00e9rience comme animatrice \u00e0 la radio et \u00e0 la t\u00e9l\u00e9vision, pr\u00e9sentatrice de nouvelles et sur plus de dix ans en communications d\u2019entreprise, Monique LaCoste, fondatrice de Phonique M\u00e9dia, occupe une position privil\u00e9gi\u00e9e pour aider les gens et les organisations \u00e0 susciter des conversations qui comptent.<\/p>\n<p>Monique LaCoste a eu une longue carri\u00e8re comme animatrice et r\u00e9alisatrice \u00e0 la radio et comme pr\u00e9sentatrice de nouvelles \u00e0 la t\u00e9l\u00e9vision de Radio-Canada Manitoba. Elle devait alors engager des conversations dynamiques dans un milieu de travail o\u00f9 les activit\u00e9s se d\u00e9roulent \u00e0 un rythme rapide et avec des d\u00e9lais serr\u00e9s pour aider le public \u00e0 bien comprendre les nouvelles de l\u2019heure. Faisant une transition du journalisme vers la communication et les relations publiques, elle a jou\u00e9 divers r\u00f4les en communications dans le secteur \u00e0 but non lucratif, y compris \u00e0 la Fondation de l\u2019H\u00f4pital Saint-Boniface et \u00e0 l\u2019Universit\u00e9 de Saint-Boniface. Elle est agr\u00e9\u00e9e aupr\u00e8s de l\u2019Association internationale des professionnels de la communication (IABC) en communications d\u2019entreprise et poss\u00e8de un solide bagage pour aider les organisations \u00e0 transformer leurs principaux messages pour les rendre percutants.<\/p>\n<p>Monique est issue d\u2019une famille francophone. C\u2019est une vieille photo de famille montrant des visages inconnus qu\u2019elle regardait dans son enfance qui<br \/>l\u2019a amen\u00e9e \u00e0 entamer un parcours d\u2019exploration de son h\u00e9ritage m\u00e9tis. Monique a \u00e9t\u00e9 membre de divers conseils d\u2019administration et a occup\u00e9 des r\u00f4les de leadership au sein de plusieurs organismes, y compris le comit\u00e9 de planification de Manitoba 150, les Jeux d\u2019\u00e9t\u00e9 du Canada de 2017 et la section francophone du Conseil Elz\u00e9ar-Goulet de la F\u00e9d\u00e9ration m\u00e9tisse du Manitoba.<\/p>\n<\/section>\n<p>[\/et_pb_text][\/et_pb_column][et_pb_column type=\u00a0\u00bb1_3&Prime; _builder_version=\u00a0\u00bb4.18.0&Prime; _module_preset=\u00a0\u00bbdefault\u00a0\u00bb global_colors_info=\u00a0\u00bb{}\u00a0\u00bb][et_pb_image src=\u00a0\u00bbhttps:\/\/phoniquemedia.com\/wp-content\/uploads\/2022\/09\/monique-lacoste-683&#215;1024-1.jpeg\u00a0\u00bb title_text=\u00a0\u00bbmonique-lacoste-683&#215;1024-1&Prime; _builder_version=\u00a0\u00bb4.18.0&Prime; _module_preset=\u00a0\u00bbdefault\u00a0\u00bb global_colors_info=\u00a0\u00bb{}\u00a0\u00bb][\/et_pb_image][\/et_pb_column][\/et_pb_row][et_pb_row _builder_version=\u00a0\u00bb4.18.0&Prime; _module_preset=\u00a0\u00bbdefault\u00a0\u00bb global_colors_info=\u00a0\u00bb{}\u00a0\u00bb][et_pb_column type=\u00a0\u00bb4_4&Prime; _builder_version=\u00a0\u00bb4.18.0&Prime; _module_preset=\u00a0\u00bbdefault\u00a0\u00bb global_colors_info=\u00a0\u00bb{}\u00a0\u00bb][et_pb_text _builder_version=\u00a0\u00bb4.18.0&Prime; _module_preset=\u00a0\u00bbdefault\u00a0\u00bb header_2_font_size=\u00a0\u00bb35px\u00a0\u00bb global_colors_info=\u00a0\u00bb{}\u00a0\u00bb]<\/p>\n<h2>Collaboratrices et collaborateurs<\/h2>\n<p>Phonique M\u00e9dia croit au potentiel exponentiel des \u00e9quipes pour pr\u00e9senter des \u00e9v\u00e9nements et offrir des produits de communication plus grands que la somme de leurs parties. Nous encourageons la collaboration et recommandons fr\u00e9quemment des professionnels hors pair qui ont fait leurs preuves.<\/p>\n<p>[\/et_pb_text][\/et_pb_column][\/et_pb_row][et_pb_row column_structure=\u00a0\u00bb1_5,1_5,1_5,1_5,1_5&Prime; make_equal=\u00a0\u00bbon\u00a0\u00bb _builder_version=\u00a0\u00bb4.18.0&Prime; _module_preset=\u00a0\u00bbdefault\u00a0\u00bb global_colors_info=\u00a0\u00bb{}\u00a0\u00bb][et_pb_column type=\u00a0\u00bb1_5&Prime; _builder_version=\u00a0\u00bb4.18.0&Prime; _module_preset=\u00a0\u00bbdefault\u00a0\u00bb custom_css_main_element=\u00a0\u00bbmargin:auto;\u00a0\u00bb global_colors_info=\u00a0\u00bb{}\u00a0\u00bb custom_css_main_element__hover_enabled=\u00a0\u00bboff|desktop\u00a0\u00bb][et_pb_image src=\u00a0\u00bbhttps:\/\/phoniquemedia.com\/wp-content\/uploads\/2022\/09\/bounce-1.png\u00a0\u00bb title_text=\u00a0\u00bbbounce-1&Prime; _builder_version=\u00a0\u00bb4.18.0&Prime; _module_preset=\u00a0\u00bbdefault\u00a0\u00bb global_colors_info=\u00a0\u00bb{}\u00a0\u00bb][\/et_pb_image][\/et_pb_column][et_pb_column type=\u00a0\u00bb1_5&Prime; _builder_version=\u00a0\u00bb4.18.0&Prime; _module_preset=\u00a0\u00bbdefault\u00a0\u00bb custom_css_main_element=\u00a0\u00bbmargin:auto;\u00a0\u00bb global_colors_info=\u00a0\u00bb{}\u00a0\u00bb][et_pb_image src=\u00a0\u00bbhttps:\/\/phoniquemedia.com\/wp-content\/uploads\/2022\/09\/1519890702829-e1629840043800.png\u00a0\u00bb title_text=\u00a0\u00bb1519890702829-e1629840043800&Prime; _builder_version=\u00a0\u00bb4.18.0&Prime; _module_preset=\u00a0\u00bbdefault\u00a0\u00bb global_colors_info=\u00a0\u00bb{}\u00a0\u00bb][\/et_pb_image][\/et_pb_column][et_pb_column type=\u00a0\u00bb1_5&Prime; _builder_version=\u00a0\u00bb4.18.0&Prime; _module_preset=\u00a0\u00bbdefault\u00a0\u00bb custom_css_main_element=\u00a0\u00bbmargin:auto;\u00a0\u00bb global_colors_info=\u00a0\u00bb{}\u00a0\u00bb][et_pb_image src=\u00a0\u00bbhttps:\/\/phoniquemedia.com\/wp-content\/uploads\/2022\/09\/BA-HOR-BLACK.jpg\u00a0\u00bb title_text=\u00a0\u00bbBA-HOR-BLACK\u00a0\u00bb url=\u00a0\u00bbhttps:\/\/burntarrow.com\u00a0\u00bb _builder_version=\u00a0\u00bb4.18.0&Prime; _module_preset=\u00a0\u00bbdefault\u00a0\u00bb global_colors_info=\u00a0\u00bb{}\u00a0\u00bb][\/et_pb_image][\/et_pb_column][et_pb_column type=\u00a0\u00bb1_5&Prime; _builder_version=\u00a0\u00bb4.18.0&Prime; _module_preset=\u00a0\u00bbdefault\u00a0\u00bb custom_css_main_element=\u00a0\u00bbmargin:auto;\u00a0\u00bb global_colors_info=\u00a0\u00bb{}\u00a0\u00bb][et_pb_text _builder_version=\u00a0\u00bb4.18.0&Prime; _module_preset=\u00a0\u00bbdefault\u00a0\u00bb text_font=\u00a0\u00bb|700|||||||\u00a0\u00bb header_2_font_size=\u00a0\u00bb35px\u00a0\u00bb text_orientation=\u00a0\u00bbcenter\u00a0\u00bb global_colors_info=\u00a0\u00bb{}\u00a0\u00bb]<\/p>\n<p>\n            <span>Traduction Freynet-Gagn\u00e9 Translations<\/span>\n          <\/p>\n<p>[\/et_pb_text][\/et_pb_column][et_pb_column type=\u00a0\u00bb1_5&Prime; _builder_version=\u00a0\u00bb4.18.0&Prime; _module_preset=\u00a0\u00bbdefault\u00a0\u00bb custom_css_main_element=\u00a0\u00bbmargin:auto;\u00a0\u00bb global_colors_info=\u00a0\u00bb{}\u00a0\u00bb][et_pb_text _builder_version=\u00a0\u00bb4.18.0&Prime; _module_preset=\u00a0\u00bbdefault\u00a0\u00bb text_font=\u00a0\u00bb|600|||||||\u00a0\u00bb header_2_font_size=\u00a0\u00bb35px\u00a0\u00bb text_orientation=\u00a0\u00bbcenter\u00a0\u00bb global_colors_info=\u00a0\u00bb{}\u00a0\u00bb]<\/p>\n<p>\n            <span>Joanne Lussier-Demers<\/span>\n          <\/p>\n<p>[\/et_pb_text][\/et_pb_column][\/et_pb_row][\/et_pb_section]<\/p>\n","protected":false},"excerpt":{"rendered":"<p>\u00c0 propos de Phonique Media Quelque chose se passe lorsque quelqu\u2019un parle avec passion et authenticit\u00e9. Les gens qui \u00e9coutent ont envie de poursuivre leur propre qu\u00eate d\u2019authenticit\u00e9. Phonique M\u00e9dia incarne une vision d\u2019authenticit\u00e9 pour former une communaut\u00e9 de personnes qui trouvent de mieux en mieux leurs propres voix, tout en \u00e9tant davantage \u00e0 l\u2019\u00e9coute [&hellip;]<\/p>\n","protected":false},"author":1,"featured_media":0,"parent":0,"menu_order":0,"comment_status":"closed","ping_status":"closed","template":"","meta":{"_et_pb_use_builder":"on","_et_pb_old_content":"","_et_gb_content_width":"","footnotes":""},"class_list":["post-253","page","type-page","status-publish","hentry"],"_links":{"self":[{"href":"https:\/\/phoniquemedia.com\/fr\/wp-json\/wp\/v2\/pages\/253","targetHints":{"allow":["GET"]}}],"collection":[{"href":"https:\/\/phoniquemedia.com\/fr\/wp-json\/wp\/v2\/pages"}],"about":[{"href":"https:\/\/phoniquemedia.com\/fr\/wp-json\/wp\/v2\/types\/page"}],"author":[{"embeddable":true,"href":"https:\/\/phoniquemedia.com\/fr\/wp-json\/wp\/v2\/users\/1"}],"replies":[{"embeddable":true,"href":"https:\/\/phoniquemedia.com\/fr\/wp-json\/wp\/v2\/comments?post=253"}],"version-history":[{"count":0,"href":"https:\/\/phoniquemedia.com\/fr\/wp-json\/wp\/v2\/pages\/253\/revisions"}],"wp:attachment":[{"href":"https:\/\/phoniquemedia.com\/fr\/wp-json\/wp\/v2\/media?parent=253"}],"curies":[{"name":"wp","href":"https:\/\/api.w.org\/{rel}","templated":true}]}}

À propos

<p>[et_pb_section fb_built= »1&Prime; _builder_version= »4.18.0&Prime; _module_preset= »default » global_colors_info= »{} »][et_pb_row _builder_version= »4.18.0&Prime; _module_preset= »default » global_colors_info= »{} »][et_pb_column type= »4_4&Prime; _builder_version= »4.18.0&Prime; _module_preset= »default » global_colors_info= »{} »][et_pb_text _builder_version= »4.18.0&Prime; _module_preset= »default » header_2_font_size= »35px » hover_enabled= »0&Prime; global_colors_info= »{} » header_2_font_size_last_edited= »on|phone » header_2_font_size_phone= »30px » sticky_enabled= »0&Prime; header_2_font_size_tablet= »35px »]</p>
<h2>À propos de Phonique Media</h2>
<p>Quelque chose se passe lorsque quelqu’un parle avec passion et authenticité. Les gens qui écoutent ont envie de poursuivre leur propre quête d’authenticité. Phonique Média incarne une vision d’authenticité pour former une communauté de personnes qui trouvent de mieux en mieux leurs propres voix, tout en étant davantage à l’écoute de diverses perspectives.</p>
<p>Pour notre équipe, il est clair que le monde se trouve à un tournant de l’histoire. Des enjeux cruciaux, comme la réconciliation, l’inclusivité, les changements climatiques, l’équité économique, la justice sociale et d’autres sujets de préoccupation exigent non seulement notre attention, ils démontrent un réel potentiel de progrès significatifs. En stimulant des conversations qui comptent par une utilisation hors pair de la parole, nous mobilisons les organismes, les entreprises et les gens autour d’enjeux qui les passionnent.</p>
<p>[/et_pb_text][/et_pb_column][/et_pb_row][et_pb_row column_structure= »2_3,1_3&Prime; make_equal= »on » _builder_version= »4.18.0&Prime; _module_preset= »default » global_colors_info= »{} »][et_pb_column type= »2_3&Prime; _builder_version= »4.18.0&Prime; _module_preset= »default » global_colors_info= »{} »][et_pb_text _builder_version= »4.18.0&Prime; _module_preset= »default » header_2_font_size= »35px » hover_enabled= »0&Prime; global_colors_info= »{} » header_2_font_size_last_edited= »on|phone » header_2_font_size_phone= »30px » sticky_enabled= »0&Prime; header_2_font_size_tablet= »35px »]</p>
<section class="motov4_fancy_heading text-left border_bottom motov4_632b63a36051d">
<h2>À propos de Monique Lacoste</h2>
<p>S’appuyant sur deux décennies d’expérience comme animatrice à la radio et à la télévision, présentatrice de nouvelles et sur plus de dix ans en communications d’entreprise, Monique LaCoste, fondatrice de Phonique Média, occupe une position privilégiée pour aider les gens et les organisations à susciter des conversations qui comptent.</p>
<p>Monique LaCoste a eu une longue carrière comme animatrice et réalisatrice à la radio et comme présentatrice de nouvelles à la télévision de Radio-Canada Manitoba. Elle devait alors engager des conversations dynamiques dans un milieu de travail où les activités se déroulent à un rythme rapide et avec des délais serrés pour aider le public à bien comprendre les nouvelles de l’heure. Faisant une transition du journalisme vers la communication et les relations publiques, elle a joué divers rôles en communications dans le secteur à but non lucratif, y compris à la Fondation de l’Hôpital Saint-Boniface et à l’Université de Saint-Boniface. Elle est agréée auprès de l’Association internationale des professionnels de la communication (IABC) en communications d’entreprise et possède un solide bagage pour aider les organisations à transformer leurs principaux messages pour les rendre percutants.</p>
<p>Monique est issue d’une famille francophone. C’est une vieille photo de famille montrant des visages inconnus qu’elle regardait dans son enfance qui<br />l’a amenée à entamer un parcours d’exploration de son héritage métis. Monique a été membre de divers conseils d’administration et a occupé des rôles de leadership au sein de plusieurs organismes, y compris le comité de planification de Manitoba 150, les Jeux d’été du Canada de 2017 et la section francophone du Conseil Elzéar-Goulet de la Fédération métisse du Manitoba.</p>
</section>
<p>[/et_pb_text][/et_pb_column][et_pb_column type= »1_3&Prime; _builder_version= »4.18.0&Prime; _module_preset= »default » global_colors_info= »{} »][et_pb_image src= »https://phoniquemedia.com/wp-content/uploads/2022/09/monique-lacoste-683&#215;1024-1.jpeg » title_text= »monique-lacoste-683&#215;1024-1&Prime; _builder_version= »4.18.0&Prime; _module_preset= »default » global_colors_info= »{} »][/et_pb_image][/et_pb_column][/et_pb_row][et_pb_row _builder_version= »4.18.0&Prime; _module_preset= »default » global_colors_info= »{} »][et_pb_column type= »4_4&Prime; _builder_version= »4.18.0&Prime; _module_preset= »default » global_colors_info= »{} »][et_pb_text _builder_version= »4.18.0&Prime; _module_preset= »default » header_2_font_size= »35px » global_colors_info= »{} »]</p>
<h2>Collaboratrices et collaborateurs</h2>
<p>Phonique Média croit au potentiel exponentiel des équipes pour présenter des événements et offrir des produits de communication plus grands que la somme de leurs parties. Nous encourageons la collaboration et recommandons fréquemment des professionnels hors pair qui ont fait leurs preuves.</p>
<p>[/et_pb_text][/et_pb_column][/et_pb_row][et_pb_row column_structure= »1_5,1_5,1_5,1_5,1_5&Prime; make_equal= »on » _builder_version= »4.18.0&Prime; _module_preset= »default » global_colors_info= »{} »][et_pb_column type= »1_5&Prime; _builder_version= »4.18.0&Prime; _module_preset= »default » custom_css_main_element= »margin:auto; » global_colors_info= »{} » custom_css_main_element__hover_enabled= »off|desktop »][et_pb_image src= »https://phoniquemedia.com/wp-content/uploads/2022/09/bounce-1.png » title_text= »bounce-1&Prime; _builder_version= »4.18.0&Prime; _module_preset= »default » global_colors_info= »{} »][/et_pb_image][/et_pb_column][et_pb_column type= »1_5&Prime; _builder_version= »4.18.0&Prime; _module_preset= »default » custom_css_main_element= »margin:auto; » global_colors_info= »{} »][et_pb_image src= »https://phoniquemedia.com/wp-content/uploads/2022/09/1519890702829-e1629840043800.png » title_text= »1519890702829-e1629840043800&Prime; _builder_version= »4.18.0&Prime; _module_preset= »default » global_colors_info= »{} »][/et_pb_image][/et_pb_column][et_pb_column type= »1_5&Prime; _builder_version= »4.18.0&Prime; _module_preset= »default » custom_css_main_element= »margin:auto; » global_colors_info= »{} »][et_pb_image src= »https://phoniquemedia.com/wp-content/uploads/2022/09/BA-HOR-BLACK.jpg » title_text= »BA-HOR-BLACK » url= »https://burntarrow.com » _builder_version= »4.18.0&Prime; _module_preset= »default » global_colors_info= »{} »][/et_pb_image][/et_pb_column][et_pb_column type= »1_5&Prime; _builder_version= »4.18.0&Prime; _module_preset= »default » custom_css_main_element= »margin:auto; » global_colors_info= »{} »][et_pb_text _builder_version= »4.18.0&Prime; _module_preset= »default » text_font= »|700||||||| » header_2_font_size= »35px » text_orientation= »center » global_colors_info= »{} »]</p>
<p>
            <span>Traduction Freynet-Gagné Translations</span>
          </p>
<p>[/et_pb_text][/et_pb_column][et_pb_column type= »1_5&Prime; _builder_version= »4.18.0&Prime; _module_preset= »default » custom_css_main_element= »margin:auto; » global_colors_info= »{} »][et_pb_text _builder_version= »4.18.0&Prime; _module_preset= »default » text_font= »|600||||||| » header_2_font_size= »35px » text_orientation= »center » global_colors_info= »{} »]</p>
<p>
            <span>Joanne Lussier-Demers</span>
          </p>
<p>[/et_pb_text][/et_pb_column][/et_pb_row][/et_pb_section]</p>

<p>À propos de Phonique Media Quelque chose se passe lorsque quelqu’un parle avec passion et authenticité. Les gens qui écoutent ont envie de poursuivre leur propre quête d’authenticité. Phonique Média incarne une vision d’authenticité pour former une communauté de personnes qui trouvent de mieux en mieux leurs propres voix, tout en étant davantage à l’écoute [&hellip;]</p>
